l**2 - 15*l + 128. Let s be c(6). Calculate the greatest common factor of s and 146.
2
Suppose 2*a = -2*c + 188, -3*c - 390 - 112 = -5*a. Let g be -35*((-12)/(-42) + (-72)/105*1). Calculate the highest common divisor of a and g.
14
Let r(c) = c**3 - c**2 + c + 1. Suppose -2*b + 4*b = 0. Let y be r(b). Let u be (13 - (6 - 3))/y. What is the highest common factor of 5 and u?
5
Let k(l) = 4*l**2 - 5*l - 14. Let s be k(-4). Let r be (-32 + 4)*3/(-2). Calculate the highest common factor of s and r.
14
Let j = 237 + -90. Calculate the greatest common factor of j and 42.
21
Let c(s) = 21*s + 25. Let y(w) = w - 1. Let k(l) = -c(l) + 2*y(l). Let n be k(-8). Calculate the highest common factor of 25 and n.
25
Suppose 6*r = 298 - 58. Let m = -15 + r. Calculate the greatest common divisor of 5 and m.
5
Let f = 1691 + -1683. Calculate the highest common divisor of f and 20.
4
Let y = -179 - -809. Calculate the highest common factor of 180 and y.
90
Let d(u) = 20*u - 176. Let j be d(19). What is the greatest common factor of 340 and j?
68
Suppose 3*o = -o + 480. Suppose -b - 6 + 0 = 0. Let w be 15*(-2 - (b + 3)). What is the highest common divisor of o and w?
15
Let r(d) = -15 - 3*d**2 + 23 + d**3 - 8 + 5*d. Let q be r(2). What is the greatest common factor of 24 and q?
6
Suppose 5*k + 3*f - 6*f = 22, 5*f = 2*k - 5. Suppose 3*r - k*r = -12. Suppose -5*m - 24 = -r*m. Calculate the highest common factor of 6 and m.
6
Let s(z) = -12*z - 6. Suppose -2*g = -a - 10, -3*a + 5*g - g - 22 = 0. Let x be s(a). What is the highest common divisor of x and 90?
18
Suppose 14*l - 45 = 53. What is the highest common divisor of 791 and l?
7
Suppose a - 2*d - 165 = 0, 32*d + 485 = 3*a + 31*d. What is the greatest common divisor of a and 49?
7
Let g(o) = o + 9. Let w be g(-5). Suppose 54 = w*a - 42. Suppose -3*l + a = -6. What is the greatest common factor of 30 and l?
10
Let x(g) = g - 1. Let z(j) = -12*j + 5. Let l(t) = 3*x(t) + z(t). Let w be l(-2). What is the greatest common factor of w and 140?
20
Let z be 14/84 + (-1649)/(-6). Calculate the greatest common divisor of 33 and z.
11
Suppose -3*j + 2*j = 25. Let m = j - -28. Suppose -5*g - 525 = -4*h, 3*g + m + 0 = 0. Calculate the highest common divisor of 52 and h.
26
Suppose -d + u = 0, -3*d = 2*u - 7*u. Suppose h = -3*k + 4, d = 5*k - k + 16. What is the greatest common factor of 128 and h?
16
Let k = -16 + 20. Suppose -27 = -k*o + 133. Let y be -1 - (o + -2)/(-2). Calculate the greatest common factor of y and 18.
18
Let w(r) = -r**2 + 16*r - 6. Let f be w(6). Calculate the greatest common divisor of 54 and f.
54
Let w be 24/14*196/8. Suppose n - 2*n + 3*y = -14, -4*n - 2*y + w = 0. What is the highest common factor of 11 and n?
11
Let t be 8 + 24/(12 - 6). What is the highest common factor of 138 and t?
6
Suppose 0 = -3*i + 1587 + 2406. Calculate the highest common factor of i and 11.
11
Let s(t) = 27*t - 126. Let q be s(5). What is the greatest common divisor of q and 252?
9
Suppose 25*w = 23*w + 102. Suppose b - 43 = -3*h, -5*h + 2 + 47 = b. Calculate the greatest common factor of b and w.
17
Suppose -5*z - 280 = 3*m + 18, -4*z = -m + 252. Let l = 104 + z. What is the highest common factor of 28 and l?
14
Let p(c) = -85*c + 933. Let d be p(9). What is the greatest common factor of 48 and d?
24
Let b be (16/6)/((-125)/25 + (-334)/(-66)). Let a = 7 - 11. Let p be a/14 + 90/21. Calculate the highest common divisor of p and b.
4
Let u(t) = 8*t**2 + 3*t - 1. Let k be u(3). Let a be 3/(9/12) + k. Let w(s) = 4*s - 12. Let g be w(6). What is the greatest common factor of a and g?
12
Suppose 0 = -4*c - 16, -2*x - 2*c = 3*x - 32. Suppose 26 = x*f - 6*f. Calculate the greatest common divisor of f and 143.
13
Suppose -4 = -k, -2*o - 400 = k - 5*k. Let x be ((-1)/3)/(4*1/o). Calculate the greatest common divisor of 40 and x.
8
Let w be (-2 - 0 - (-143)/26)*10. Let m = -50 + 64. Calculate the highest common divisor of w and m.
7
Suppose 5*j - b - 1680 = 0, 4*b = 3*j + 176 - 1184. What is the highest common factor of 48 and j?
48
Let s(t) = -t**3 + 26*t**2 - 23*t + 4. Let q be s(25). Calculate the highest common factor of q and 864.
54
Let f(m) = m**3 - 12*m**2 + 4*m + 22. Let k be f(11). Let d = k - -76. What is the greatest common factor of 42 and d?
21
Suppose 5*x - 2*x = 105. Let h = x - 24. Suppose 262 = 3*o - 7*i, -4*o - 2*i = -2*o - 208. Calculate the greatest common factor of h and o.
11
Let i(f) = -2*f - 5*f**2 + 4*f**2 + 8 - 3*f. Let u be i(-6). Suppose -2*q + 3*n = -31 - 98, u*q - 2*n - 126 = 0. What is the highest common divisor of 24 and q?
12
Suppose 2*r + 88 = -4*l + 8*l, -80 = -3*l + 5*r. Calculate the greatest common divisor of l and 4.
4
Suppose 5*x = 199 + 186. Let c be (-1)/(-3*((-2)/(-198))/(30/45)). Calculate the highest common divisor of x and c.
11
Suppose 279 = 3*m + w - 4*w, -2*m + 3*w = -183. Let d be 3/((-3)/(-22)) - -2. Calculate the highest common divisor of m and d.
24
Let m be 33/(-6)*1*-12. Suppose -q + g - 9 = 0, 0*q + 2*g = -5*q - m. Let b be (0 + 51/q)*-4. What is the highest common divisor of 153 and b?
17
Let k(h) = -2*h - 21. Let j be k(-14). Let l = 26 + -25. What is the highest common divisor of l and j?
1
Let w be (28/70)/(1/440). Calculate the greatest common factor of w and 16.
16
Let s = -74 - -74. Suppose s = 10*l - 110 + 20. Calculate the highest common factor of 63 and l.
9
Let x be 7 + (3 - 1 - 5). Let j(r) = r - 1. Let d be j(7). Suppose x*t - t = d. Calculate the highest common divisor of 10 and t.
2
Suppose 5*r = 5 + 30. Suppose 119 - r = w. Suppose 10 = f - 4. Calculate the highest common factor of f and w.
14
Let w be ((-53)/2)/((-28)/(-168)). Let k = -63 - w. What is the highest common factor of 24 and k?
24
Suppose 0 = -2*l - 2*b + 40, 32 = -2*l + 3*l + 5*b. What is the highest common factor of 119 and l?
17
Suppose -3*i = 2*i. Let b = 6 + i. Suppose -8 = -b*o - 2. Calculate the greatest common factor of o and 11.
1
Suppose -12 = -2*z + 32. Let j(o) = 24*o - 2. Let k be j(-3). Let x = k - -162. What is the highest common factor of x and z?
22
Let s be 1/(28/(-288) - 14/(-63)). Calculate the highest common factor of 1336 and s.
8
Let i be 3*5/(-15) + (-4)/(-2). Calculate the greatest common divisor of i and 4.
1
Suppose -7*n = -12*n + 375. Let r be -1*(-15 + -2 + 2). Calculate the highest common factor of r and n.
15
Suppose -7*l + 4*l - 270 = 0. Let w = -24 - l. What is the highest common divisor of 6 and w?
6
Let p(n) = 211*n + 4. Let k be p(1). What is the greatest common divisor of 86 and k?
43
Let y be (4/(-10) - 774/45)*-5. Let g be (-2)/(-5) - 108/(-5). What is the greatest common factor of y and g?
22
Let j(z) = -7*z - 1 + 2 + 2. Let a be j(0). What is the highest common factor of 21 and a?
3
Let s(o) = -o**2 + 8*o - 13. Let w be s(6). Let v be (0/1 - w)*10. What is the highest common factor of v and 40?
10
Let x = 80 + -36. Suppose -25 = 5*o, 2*z - 5*o + 4*o + 103 = 0. Let m be (-666)/z - 4/3. What is the highest common divisor of x and m?
11
Let v be 20/25*(8 + 37). What is the highest common factor of v and 1044?
36
Let i be (((-3900)/(-16))/1)/(2/8). What is the highest common factor of i and 78?
39
Let a = -49 - -33. Suppose 3*k = 6, 0*k - 67 = -3*z + k. Let x = a + z. Calculate the greatest common factor of 14 and x.
7
Let l be (0 - (-5)/10)*180. Let w be ((-30)/8)/((-6)/16). What is the highest common factor of w and l?
10
Let x(v) = -v**3 - 3*v**2 + 8*v - 41. Let z be x(-6). Calculate the greatest common divisor of z and 323.
19
Suppose -r - 14 = -3*r. Suppose -x - n + 1 = 0, -n - 10 = -2*x + r. Calculate the highest common factor of 66 and x.
6
Suppose 3*r + r = -2*h - 476, -3*h = -5*r - 606. Let v be (-6)/5*r/18. Let a = v - 4. What is the greatest common factor of a and 16?
4
Let m(l) = -6*l - 7. Let n(y) = y. Let v(u) = -m(u) - 3*n(u). Let b be v(4). Calculate the greatest common divisor of b and 171.
19
Suppose -6*n = -39 - 57. What is the greatest common divisor of 464 and n?
16
Let v = -2281 - -2491. Calculate the highest common factor of 75 and v.
15
Let g be (-1)/(0 + 2/(-4)). Let s = 3 - g. Let r be (2 - (2 + s))*-1. What is the highest common divisor of 8 and r?
1
Suppose 25*t = 6*t + 285. What is the highest common factor of 135 and t?
15
Let n 